{"id":527,"date":"2018-11-01T09:17:26","date_gmt":"2018-11-01T02:17:26","guid":{"rendered":"http:\/\/khomaudepraothue.com\/bepnhapkhauchauau\/?page_id=527"},"modified":"2019-07-06T09:05:27","modified_gmt":"2019-07-06T02:05:27","slug":"tuyen-dung","status":"publish","type":"page","link":"https:\/\/giadung4.mauthemewp.com\/?page_id=527","title":{"rendered":"Tuy\u1ec3n d\u1ee5ng"},"content":{"rendered":"<p><img loading=\"lazy\" decoding=\"async\" class=\"wp-image-1016 aligncenter\" src=\"http:\/\/mau3.maudep.com.vn\/giadung1\/wp-content\/uploads\/2019\/07\/banner-mizuho.jpg\" alt=\"\" width=\"800\" height=\"424\" srcset=\"https:\/\/giadung4.mauthemewp.com\/wp-content\/uploads\/2019\/07\/banner-mizuho.jpg 940w, https:\/\/giadung4.mauthemewp.com\/wp-content\/uploads\/2019\/07\/banner-mizuho-300x159.jpg 300w, https:\/\/giadung4.mauthemewp.com\/wp-content\/uploads\/2019\/07\/banner-mizuho-768x407.jpg 768w, https:\/\/giadung4.mauthemewp.com\/wp-content\/uploads\/2019\/07\/banner-mizuho-600x318.jpg 600w\" sizes=\"(max-width: 800px) 100vw, 800px\" \/><\/p>\n<p>MIZUHO v\u1eabn li\u00ean t\u1ee5c tuy\u1ec3n d\u1ee5ng \u0111\u1ed9i ng\u0169 nh\u00e2n s\u1ef1 \u0111\u1ec3 \u0111\u00e1p \u1ee9ng kh\u00e1ch h\u00e0ng tr\u00ean to\u00e0n qu\u1ed1c.<\/p>\n<p>Li\u00ean h\u1ec7 ngay ph\u00f2ng HCNS c\u1ee7a Mizuho<\/p>\n<h3 class=\"widget-title\">MIZUHO VI\u1ec6T NAM<\/h3>\n<div class=\"classic-text-widget\">\n<ul>\n<li>VPGD: 102\/51 L\u01b0\u01a1ng Kh\u00e1nh Thi\u1ec7n, Ho\u00e0ng Mai, H\u00e0 N\u1ed9i<\/li>\n<li>Nh\u00e0 m\u00e1y sx: KCN V\u0129nh Kh\u00fac, V\u0103n Giang, H\u01b0ng Y\u00ean<\/li>\n<li>Hotline: 0985 639 066<\/li>\n<li>Website: http:\/\/mau3.maudep.com.vn\/giadung1\/<\/li>\n<\/ul>\n<\/div>\n","protected":false},"excerpt":{"rendered":"<p>MIZUHO v\u1eabn li\u00ean t\u1ee5c tuy\u1ec3n d\u1ee5ng \u0111\u1ed9i ng\u0169 nh\u00e2n s\u1ef1 \u0111\u1ec3 \u0111\u00e1p \u1ee9ng kh\u00e1ch h\u00e0ng tr\u00ean to\u00e0n qu\u1ed1c. Li\u00ean h\u1ec7 &hellip; <a class=\"link-more\" href=\"https:\/\/giadung4.mauthemewp.com\/?page_id=527\" class=\"more-link\">\u0110\u1ecdc th\u00eam &raquo;<span class=\"screen-reader-text\"> &#8220;Tuy\u1ec3n d\u1ee5ng&#8221;<\/span><\/a><\/p>\n","protected":false},"author":1,"featured_media":0,"parent":0,"menu_order":0,"comment_status":"closed","ping_status":"closed","template":"","meta":{"footnotes":""},"yoast_head":"<!-- This site is optimized with the Yoast SEO plugin v21.6 - https:\/\/yoast.com\/wordpress\/plugins\/seo\/ -->\n<title>Tuy\u1ec3n d\u1ee5ng<\/title>\n<meta name=\"robots\" content=\"index, follow, max-snippet:-1, max-image-preview:large, max-video-preview:-1\" \/>\n<meta property=\"og:locale\" content=\"vi_VN\" \/>\n<meta property=\"og:type\" content=\"article\" \/>\n<meta property=\"og:title\" content=\"Tuy\u1ec3n d\u1ee5ng\" \/>\n<meta property=\"og:description\" content=\"MIZUHO v\u1eabn li\u00ean t\u1ee5c tuy\u1ec3n d\u1ee5ng \u0111\u1ed9i ng\u0169 nh\u00e2n s\u1ef1 \u0111\u1ec3 \u0111\u00e1p \u1ee9ng kh\u00e1ch h\u00e0ng tr\u00ean to\u00e0n qu\u1ed1c. Li\u00ean h\u1ec7 &hellip; \u0110\u1ecdc th\u00eam &raquo; &quot;Tuy\u1ec3n d\u1ee5ng&quot;\" \/>\n<meta property=\"og:url\" content=\"https:\/\/giadung4.mauthemewp.com\/?page_id=527\" \/>\n<meta property=\"og:site_name\" content=\"Mizuho - Cho Cu\u1ed9c S\u1ed1ng Tr\u1ecdn V\u1eb9n H\u01a1n!\" \/>\n<meta property=\"article:modified_time\" content=\"2019-07-06T02:05:27+00:00\" \/>\n<meta property=\"og:image\" content=\"http:\/\/mau3.maudep.com.vn\/giadung1\/wp-content\/uploads\/2019\/07\/banner-mizuho.jpg\" \/>\n<meta name=\"twitter:card\" content=\"summary_large_image\" \/>\n<script type=\"application\/ld+json\" class=\"yoast-schema-graph\">{\"@context\":\"https:\/\/schema.org\",\"@graph\":[{\"@type\":\"WebPage\",\"@id\":\"https:\/\/giadung4.mauthemewp.com\/?page_id=527\",\"url\":\"https:\/\/giadung4.mauthemewp.com\/?page_id=527\",\"name\":\"Tuy\u1ec3n d\u1ee5ng\",\"isPartOf\":{\"@id\":\"https:\/\/giadung4.mauthemewp.com\/#website\"},\"datePublished\":\"2018-11-01T02:17:26+00:00\",\"dateModified\":\"2019-07-06T02:05:27+00:00\",\"breadcrumb\":{\"@id\":\"https:\/\/giadung4.mauthemewp.com\/?page_id=527#breadcrumb\"},\"inLanguage\":\"vi\",\"potentialAction\":[{\"@type\":\"ReadAction\",\"target\":[\"https:\/\/giadung4.mauthemewp.com\/?page_id=527\"]}]},{\"@type\":\"BreadcrumbList\",\"@id\":\"https:\/\/giadung4.mauthemewp.com\/?page_id=527#breadcrumb\",\"itemListElement\":[{\"@type\":\"ListItem\",\"position\":1,\"name\":\"Trang ch\u1ee7\",\"item\":\"https:\/\/giadung4.mauthemewp.com\/\"},{\"@type\":\"ListItem\",\"position\":2,\"name\":\"Tuy\u1ec3n d\u1ee5ng\"}]},{\"@type\":\"WebSite\",\"@id\":\"https:\/\/giadung4.mauthemewp.com\/#website\",\"url\":\"https:\/\/giadung4.mauthemewp.com\/\",\"name\":\"Mizuho - Cho Cu\u1ed9c S\u1ed1ng Tr\u1ecdn V\u1eb9n H\u01a1n!\",\"description\":\"Mizuho Vi\u1ec7t Nam\",\"potentialAction\":[{\"@type\":\"SearchAction\",\"target\":{\"@type\":\"EntryPoint\",\"urlTemplate\":\"https:\/\/giadung4.mauthemewp.com\/?s={search_term_string}\"},\"query-input\":\"required name=search_term_string\"}],\"inLanguage\":\"vi\"}]}<\/script>\n<!-- \/ Yoast SEO plugin. -->","yoast_head_json":{"title":"Tuy\u1ec3n d\u1ee5ng","robots":{"index":"index","follow":"follow","max-snippet":"max-snippet:-1","max-image-preview":"max-image-preview:large","max-video-preview":"max-video-preview:-1"},"og_locale":"vi_VN","og_type":"article","og_title":"Tuy\u1ec3n d\u1ee5ng","og_description":"MIZUHO v\u1eabn li\u00ean t\u1ee5c tuy\u1ec3n d\u1ee5ng \u0111\u1ed9i ng\u0169 nh\u00e2n s\u1ef1 \u0111\u1ec3 \u0111\u00e1p \u1ee9ng kh\u00e1ch h\u00e0ng tr\u00ean to\u00e0n qu\u1ed1c. Li\u00ean h\u1ec7 &hellip; \u0110\u1ecdc th\u00eam &raquo; \"Tuy\u1ec3n d\u1ee5ng\"","og_url":"https:\/\/giadung4.mauthemewp.com\/?page_id=527","og_site_name":"Mizuho - Cho Cu\u1ed9c S\u1ed1ng Tr\u1ecdn V\u1eb9n H\u01a1n!","article_modified_time":"2019-07-06T02:05:27+00:00","og_image":[{"url":"http:\/\/mau3.maudep.com.vn\/giadung1\/wp-content\/uploads\/2019\/07\/banner-mizuho.jpg"}],"twitter_card":"summary_large_image","schema":{"@context":"https:\/\/schema.org","@graph":[{"@type":"WebPage","@id":"https:\/\/giadung4.mauthemewp.com\/?page_id=527","url":"https:\/\/giadung4.mauthemewp.com\/?page_id=527","name":"Tuy\u1ec3n d\u1ee5ng","isPartOf":{"@id":"https:\/\/giadung4.mauthemewp.com\/#website"},"datePublished":"2018-11-01T02:17:26+00:00","dateModified":"2019-07-06T02:05:27+00:00","breadcrumb":{"@id":"https:\/\/giadung4.mauthemewp.com\/?page_id=527#breadcrumb"},"inLanguage":"vi","potentialAction":[{"@type":"ReadAction","target":["https:\/\/giadung4.mauthemewp.com\/?page_id=527"]}]},{"@type":"BreadcrumbList","@id":"https:\/\/giadung4.mauthemewp.com\/?page_id=527#breadcrumb","itemListElement":[{"@type":"ListItem","position":1,"name":"Trang ch\u1ee7","item":"https:\/\/giadung4.mauthemewp.com\/"},{"@type":"ListItem","position":2,"name":"Tuy\u1ec3n d\u1ee5ng"}]},{"@type":"WebSite","@id":"https:\/\/giadung4.mauthemewp.com\/#website","url":"https:\/\/giadung4.mauthemewp.com\/","name":"Mizuho - Cho Cu\u1ed9c S\u1ed1ng Tr\u1ecdn V\u1eb9n H\u01a1n!","description":"Mizuho Vi\u1ec7t Nam","potentialAction":[{"@type":"SearchAction","target":{"@type":"EntryPoint","urlTemplate":"https:\/\/giadung4.mauthemewp.com\/?s={search_term_string}"},"query-input":"required name=search_term_string"}],"inLanguage":"vi"}]}},"_links":{"self":[{"href":"https:\/\/giadung4.mauthemewp.com\/index.php?rest_route=\/wp\/v2\/pages\/527"}],"collection":[{"href":"https:\/\/giadung4.mauthemewp.com\/index.php?rest_route=\/wp\/v2\/pages"}],"about":[{"href":"https:\/\/giadung4.mauthemewp.com\/index.php?rest_route=\/wp\/v2\/types\/page"}],"author":[{"embeddable":true,"href":"https:\/\/giadung4.mauthemewp.com\/index.php?rest_route=\/wp\/v2\/users\/1"}],"replies":[{"embeddable":true,"href":"https:\/\/giadung4.mauthemewp.com\/index.php?rest_route=%2Fwp%2Fv2%2Fcomments&post=527"}],"version-history":[{"count":3,"href":"https:\/\/giadung4.mauthemewp.com\/index.php?rest_route=\/wp\/v2\/pages\/527\/revisions"}],"predecessor-version":[{"id":1022,"href":"https:\/\/giadung4.mauthemewp.com\/index.php?rest_route=\/wp\/v2\/pages\/527\/revisions\/1022"}],"wp:attachment":[{"href":"https:\/\/giadung4.mauthemewp.com\/index.php?rest_route=%2Fwp%2Fv2%2Fmedia&parent=527"}],"curies":[{"name":"wp","href":"https:\/\/api.w.org\/{rel}","templated":true}]}}