{"id":1101,"date":"2019-07-09T09:04:18","date_gmt":"2019-07-09T02:04:18","guid":{"rendered":"http:\/\/mau3.maudep.com.vn\/giadung1\/?post_type=product&#038;p=1101"},"modified":"2020-03-28T16:04:11","modified_gmt":"2020-03-28T09:04:11","slug":"noi-ap-suat-da-nang-mizuho-mh-609pc","status":"publish","type":"product","link":"https:\/\/giadung4.mauthemewp.com\/?product=noi-ap-suat-da-nang-mizuho-mh-609pc","title":{"rendered":"N\u1ed3i \u00e1p su\u1ea5t \u0111a n\u0103ng Mizuho MH-609PC"},"content":{"rendered":"<p><img loading=\"lazy\" decoding=\"async\" class=\"alignnone size-full wp-image-1097 aligncenter\" src=\"http:\/\/mau3.maudep.com.vn\/giadung1\/wp-content\/uploads\/2019\/07\/MH-609PC.jpg\" alt=\"\" width=\"500\" height=\"500\" srcset=\"https:\/\/giadung4.mauthemewp.com\/wp-content\/uploads\/2019\/07\/MH-609PC.jpg 500w, https:\/\/giadung4.mauthemewp.com\/wp-content\/uploads\/2019\/07\/MH-609PC-150x150.jpg 150w, https:\/\/giadung4.mauthemewp.com\/wp-content\/uploads\/2019\/07\/MH-609PC-300x300.jpg 300w, https:\/\/giadung4.mauthemewp.com\/wp-content\/uploads\/2019\/07\/MH-609PC-100x100.jpg 100w\" sizes=\"(max-width: 500px) 100vw, 500px\" \/><\/p>\n<p style=\"text-align: center;\">N\u1ed3i \u00e1p su\u1ea5t \u0111a n\u0103ng Mizuho MH-609PC<\/p>\n","protected":false},"excerpt":{"rendered":"<ul dir=\"ltr\">\n<li><span style=\"font-size: 11pt;\">N\u1ed3i \u00e1p su\u1ea5t \u0111a ch\u1ee9c n\u0103ng :\u00a0n\u1ea5u c\u01a1m, n\u1ea5u ch\u00e1o, h\u1ea7m &amp; ninh, s\u00fap, gi\u1eef \u1ea5m &#8230;<\/span><\/li>\n<li><span style=\"font-size: 11pt;\">Dung t\u00edch : 6.0 l\u00edt &#8211; c\u00f4ng su\u1ea5t 1000W\u00a0<\/span><\/li>\n<li><span style=\"font-size: 11pt;\">L\u00f2ng n\u1ed3i b\u1eb1ng h\u1ee3p kim nh\u00f4m ch\u1ed1ng d\u00ednh cao c\u1ea5p.<\/span><\/li>\n<li>An to\u00e0n khi d\u00f9ng v\u1edbi van x\u1ea3 \u00e1p, van kh\u00f3a hi\u1ec7n \u0111\u1ea1i, d\u00e2y \u0111i\u1ec7n c\u00f3 th\u1ec3 th\u00e1o r\u1eddi<\/li>\n<li>Thi\u1ebft k\u1ebf sang tr\u1ecdng, hi\u1ec7n \u0111\u1ea1i m\u00e0u s\u1eafc n\u1ed5i b\u1eadt<\/li>\n<\/ul>\n","protected":false},"featured_media":1097,"comment_status":"open","ping_status":"closed","template":"","meta":[],"product_cat":[36,281,269],"product_tag":[],"yoast_head":"<!-- This site is optimized with the Yoast SEO plugin v21.6 - https:\/\/yoast.com\/wordpress\/plugins\/seo\/ -->\n<title>N\u1ed3i \u00e1p su\u1ea5t \u0111a n\u0103ng Mizuho MH-609PC<\/title>\n<meta name=\"robots\" content=\"index, follow, max-snippet:-1, max-image-preview:large, max-video-preview:-1\" \/>\n<meta property=\"og:locale\" content=\"vi_VN\" \/>\n<meta property=\"og:type\" content=\"article\" \/>\n<meta property=\"og:title\" content=\"N\u1ed3i \u00e1p su\u1ea5t \u0111a n\u0103ng Mizuho MH-609PC\" \/>\n<meta property=\"og:description\" content=\"N\u1ed3i \u00e1p su\u1ea5t \u0111a ch\u1ee9c n\u0103ng :\u00a0n\u1ea5u c\u01a1m, n\u1ea5u ch\u00e1o, h\u1ea7m &amp; ninh, s\u00fap, gi\u1eef \u1ea5m ...  Dung t\u00edch : 6.0 l\u00edt - c\u00f4ng su\u1ea5t 1000W\u00a0  L\u00f2ng n\u1ed3i b\u1eb1ng h\u1ee3p kim nh\u00f4m ch\u1ed1ng d\u00ednh cao c\u1ea5p.  An to\u00e0n khi d\u00f9ng v\u1edbi van x\u1ea3 \u00e1p, van kh\u00f3a hi\u1ec7n \u0111\u1ea1i, d\u00e2y \u0111i\u1ec7n c\u00f3 th\u1ec3 th\u00e1o r\u1eddi  Thi\u1ebft k\u1ebf sang tr\u1ecdng, hi\u1ec7n \u0111\u1ea1i m\u00e0u s\u1eafc n\u1ed5i b\u1eadt\" \/>\n<meta property=\"og:url\" content=\"https:\/\/giadung4.mauthemewp.com\/?product=noi-ap-suat-da-nang-mizuho-mh-609pc\" \/>\n<meta property=\"og:site_name\" content=\"Mizuho - Cho Cu\u1ed9c S\u1ed1ng Tr\u1ecdn V\u1eb9n H\u01a1n!\" \/>\n<meta property=\"article:modified_time\" content=\"2020-03-28T09:04:11+00:00\" \/>\n<meta property=\"og:image\" content=\"https:\/\/giadung4.mauthemewp.com\/wp-content\/uploads\/2019\/07\/MH-609PC.jpg\" \/>\n\t<meta property=\"og:image:width\" content=\"500\" \/>\n\t<meta property=\"og:image:height\" content=\"500\" \/>\n\t<meta property=\"og:image:type\" content=\"image\/jpeg\" \/>\n<meta name=\"twitter:card\" content=\"summary_large_image\" \/>\n<script type=\"application\/ld+json\" class=\"yoast-schema-graph\">{\"@context\":\"https:\/\/schema.org\",\"@graph\":[{\"@type\":\"WebPage\",\"@id\":\"https:\/\/giadung4.mauthemewp.com\/?product=noi-ap-suat-da-nang-mizuho-mh-609pc\",\"url\":\"https:\/\/giadung4.mauthemewp.com\/?product=noi-ap-suat-da-nang-mizuho-mh-609pc\",\"name\":\"N\u1ed3i \u00e1p su\u1ea5t \u0111a n\u0103ng Mizuho MH-609PC\",\"isPartOf\":{\"@id\":\"https:\/\/giadung4.mauthemewp.com\/#website\"},\"datePublished\":\"2019-07-09T02:04:18+00:00\",\"dateModified\":\"2020-03-28T09:04:11+00:00\",\"breadcrumb\":{\"@id\":\"https:\/\/giadung4.mauthemewp.com\/?product=noi-ap-suat-da-nang-mizuho-mh-609pc#breadcrumb\"},\"inLanguage\":\"vi\",\"potentialAction\":[{\"@type\":\"ReadAction\",\"target\":[\"https:\/\/giadung4.mauthemewp.com\/?product=noi-ap-suat-da-nang-mizuho-mh-609pc\"]}]},{\"@type\":\"BreadcrumbList\",\"@id\":\"https:\/\/giadung4.mauthemewp.com\/?product=noi-ap-suat-da-nang-mizuho-mh-609pc#breadcrumb\",\"itemListElement\":[{\"@type\":\"ListItem\",\"position\":1,\"name\":\"Trang ch\u1ee7\",\"item\":\"https:\/\/giadung4.mauthemewp.com\/\"},{\"@type\":\"ListItem\",\"position\":2,\"name\":\"S\u1ea3n ph\u1ea9m\",\"item\":\"https:\/\/giadung4.mauthemewp.com\/?post_type=product\"},{\"@type\":\"ListItem\",\"position\":3,\"name\":\"N\u1ed3i \u00e1p su\u1ea5t \u0111a n\u0103ng Mizuho MH-609PC\"}]},{\"@type\":\"WebSite\",\"@id\":\"https:\/\/giadung4.mauthemewp.com\/#website\",\"url\":\"https:\/\/giadung4.mauthemewp.com\/\",\"name\":\"Mizuho - Cho Cu\u1ed9c S\u1ed1ng Tr\u1ecdn V\u1eb9n H\u01a1n!\",\"description\":\"Mizuho Vi\u1ec7t Nam\",\"potentialAction\":[{\"@type\":\"SearchAction\",\"target\":{\"@type\":\"EntryPoint\",\"urlTemplate\":\"https:\/\/giadung4.mauthemewp.com\/?s={search_term_string}\"},\"query-input\":\"required name=search_term_string\"}],\"inLanguage\":\"vi\"}]}<\/script>\n<!-- \/ Yoast SEO plugin. -->","yoast_head_json":{"title":"N\u1ed3i \u00e1p su\u1ea5t \u0111a n\u0103ng Mizuho MH-609PC","robots":{"index":"index","follow":"follow","max-snippet":"max-snippet:-1","max-image-preview":"max-image-preview:large","max-video-preview":"max-video-preview:-1"},"og_locale":"vi_VN","og_type":"article","og_title":"N\u1ed3i \u00e1p su\u1ea5t \u0111a n\u0103ng Mizuho MH-609PC","og_description":"N\u1ed3i \u00e1p su\u1ea5t \u0111a ch\u1ee9c n\u0103ng :\u00a0n\u1ea5u c\u01a1m, n\u1ea5u ch\u00e1o, h\u1ea7m &amp; ninh, s\u00fap, gi\u1eef \u1ea5m ...  Dung t\u00edch : 6.0 l\u00edt - c\u00f4ng su\u1ea5t 1000W\u00a0  L\u00f2ng n\u1ed3i b\u1eb1ng h\u1ee3p kim nh\u00f4m ch\u1ed1ng d\u00ednh cao c\u1ea5p.  An to\u00e0n khi d\u00f9ng v\u1edbi van x\u1ea3 \u00e1p, van kh\u00f3a hi\u1ec7n \u0111\u1ea1i, d\u00e2y \u0111i\u1ec7n c\u00f3 th\u1ec3 th\u00e1o r\u1eddi  Thi\u1ebft k\u1ebf sang tr\u1ecdng, hi\u1ec7n \u0111\u1ea1i m\u00e0u s\u1eafc n\u1ed5i b\u1eadt","og_url":"https:\/\/giadung4.mauthemewp.com\/?product=noi-ap-suat-da-nang-mizuho-mh-609pc","og_site_name":"Mizuho - Cho Cu\u1ed9c S\u1ed1ng Tr\u1ecdn V\u1eb9n H\u01a1n!","article_modified_time":"2020-03-28T09:04:11+00:00","og_image":[{"width":500,"height":500,"url":"https:\/\/giadung4.mauthemewp.com\/wp-content\/uploads\/2019\/07\/MH-609PC.jpg","type":"image\/jpeg"}],"twitter_card":"summary_large_image","schema":{"@context":"https:\/\/schema.org","@graph":[{"@type":"WebPage","@id":"https:\/\/giadung4.mauthemewp.com\/?product=noi-ap-suat-da-nang-mizuho-mh-609pc","url":"https:\/\/giadung4.mauthemewp.com\/?product=noi-ap-suat-da-nang-mizuho-mh-609pc","name":"N\u1ed3i \u00e1p su\u1ea5t \u0111a n\u0103ng Mizuho MH-609PC","isPartOf":{"@id":"https:\/\/giadung4.mauthemewp.com\/#website"},"datePublished":"2019-07-09T02:04:18+00:00","dateModified":"2020-03-28T09:04:11+00:00","breadcrumb":{"@id":"https:\/\/giadung4.mauthemewp.com\/?product=noi-ap-suat-da-nang-mizuho-mh-609pc#breadcrumb"},"inLanguage":"vi","potentialAction":[{"@type":"ReadAction","target":["https:\/\/giadung4.mauthemewp.com\/?product=noi-ap-suat-da-nang-mizuho-mh-609pc"]}]},{"@type":"BreadcrumbList","@id":"https:\/\/giadung4.mauthemewp.com\/?product=noi-ap-suat-da-nang-mizuho-mh-609pc#breadcrumb","itemListElement":[{"@type":"ListItem","position":1,"name":"Trang ch\u1ee7","item":"https:\/\/giadung4.mauthemewp.com\/"},{"@type":"ListItem","position":2,"name":"S\u1ea3n ph\u1ea9m","item":"https:\/\/giadung4.mauthemewp.com\/?post_type=product"},{"@type":"ListItem","position":3,"name":"N\u1ed3i \u00e1p su\u1ea5t \u0111a n\u0103ng Mizuho MH-609PC"}]},{"@type":"WebSite","@id":"https:\/\/giadung4.mauthemewp.com\/#website","url":"https:\/\/giadung4.mauthemewp.com\/","name":"Mizuho - Cho Cu\u1ed9c S\u1ed1ng Tr\u1ecdn V\u1eb9n H\u01a1n!","description":"Mizuho Vi\u1ec7t Nam","potentialAction":[{"@type":"SearchAction","target":{"@type":"EntryPoint","urlTemplate":"https:\/\/giadung4.mauthemewp.com\/?s={search_term_string}"},"query-input":"required name=search_term_string"}],"inLanguage":"vi"}]}},"_links":{"self":[{"href":"https:\/\/giadung4.mauthemewp.com\/index.php?rest_route=\/wp\/v2\/product\/1101"}],"collection":[{"href":"https:\/\/giadung4.mauthemewp.com\/index.php?rest_route=\/wp\/v2\/product"}],"about":[{"href":"https:\/\/giadung4.mauthemewp.com\/index.php?rest_route=\/wp\/v2\/types\/product"}],"replies":[{"embeddable":true,"href":"https:\/\/giadung4.mauthemewp.com\/index.php?rest_route=%2Fwp%2Fv2%2Fcomments&post=1101"}],"wp:featuredmedia":[{"embeddable":true,"href":"https:\/\/giadung4.mauthemewp.com\/index.php?rest_route=\/wp\/v2\/media\/1097"}],"wp:attachment":[{"href":"https:\/\/giadung4.mauthemewp.com\/index.php?rest_route=%2Fwp%2Fv2%2Fmedia&parent=1101"}],"wp:term":[{"taxonomy":"product_cat","embeddable":true,"href":"https:\/\/giadung4.mauthemewp.com\/index.php?rest_route=%2Fwp%2Fv2%2Fproduct_cat&post=1101"},{"taxonomy":"product_tag","embeddable":true,"href":"https:\/\/giadung4.mauthemewp.com\/index.php?rest_route=%2Fwp%2Fv2%2Fproduct_tag&post=1101"}],"curies":[{"name":"wp","href":"https:\/\/api.w.org\/{rel}","templated":true}]}}