{"id":1129,"date":"2019-07-11T08:27:37","date_gmt":"2019-07-11T01:27:37","guid":{"rendered":"http:\/\/mau3.maudep.com.vn\/giadung1\/?post_type=product&#038;p=1129"},"modified":"2020-03-28T15:49:52","modified_gmt":"2020-03-28T08:49:52","slug":"bep-nuong-dien-mizuho-mh-400nda","status":"publish","type":"product","link":"https:\/\/giadung4.mauthemewp.com\/?product=bep-nuong-dien-mizuho-mh-400nda","title":{"rendered":"B\u1ebfp n\u01b0\u1edbng \u0111i\u1ec7n Mizuho MH-400NDA"},"content":{"rendered":"<p>B\u1ebfp n\u01b0\u1edbng \u0111i\u1ec7n Mizuho MH-400NDA<\/p>\n","protected":false},"excerpt":{"rendered":"<ul>\n<li><span style=\"font-size: 11pt;\">B\u1ebfp n\u01b0\u1edbng kh\u00f4ng kh\u00f3i.\u00a0\u0110\u1ea1i ti\u1ec7c BBQ ngay t\u1ea1i nh\u00e0.<\/span><\/li>\n<li><span style=\"font-size: 11pt;\">B\u1ebfp n\u01b0\u1edbng \u0111\u01b0\u1ee3c \u0111\u00fac b\u1eb1ng nh\u00f4m nguy\u00ean ch\u1ea5t 100%<\/span><\/li>\n<li><span style=\"font-size: 11pt;\">B\u1ec1 m\u1eb7t s\u01a1n ch\u1ed1ng d\u00ednh \u0111\u00e1 hoa c\u01b0\u01a1ng 3 l\u1edbp b\u1ec1n b\u1ec9.<\/span><\/li>\n<li><span style=\"font-size: 11pt;\">Thi\u1ebft k\u1ebf hi\u1ec7n \u0111\u1ea1i, sang tr\u1ecdng, ti\u1ec7n d\u1ee5ng cho nh\u1eefng m\u00f3n n\u01b0\u1edbng\u00a0<\/span><\/li>\n<\/ul>\n","protected":false},"featured_media":1130,"comment_status":"open","ping_status":"closed","template":"","meta":[],"product_cat":[36,272,281],"product_tag":[],"yoast_head":"<!-- This site is optimized with the Yoast SEO plugin v21.6 - https:\/\/yoast.com\/wordpress\/plugins\/seo\/ -->\n<title>B\u1ebfp n\u01b0\u1edbng \u0111i\u1ec7n Mizuho MH-400NDA<\/title>\n<meta name=\"robots\" content=\"index, follow, max-snippet:-1, max-image-preview:large, max-video-preview:-1\" \/>\n<meta property=\"og:locale\" content=\"vi_VN\" \/>\n<meta property=\"og:type\" content=\"article\" \/>\n<meta property=\"og:title\" content=\"B\u1ebfp n\u01b0\u1edbng \u0111i\u1ec7n Mizuho MH-400NDA\" \/>\n<meta property=\"og:description\" content=\"B\u1ebfp n\u01b0\u1edbng kh\u00f4ng kh\u00f3i.\u00a0\u0110\u1ea1i ti\u1ec7c BBQ ngay t\u1ea1i nh\u00e0.  B\u1ebfp n\u01b0\u1edbng \u0111\u01b0\u1ee3c \u0111\u00fac b\u1eb1ng nh\u00f4m nguy\u00ean ch\u1ea5t 100%  B\u1ec1 m\u1eb7t s\u01a1n ch\u1ed1ng d\u00ednh \u0111\u00e1 hoa c\u01b0\u01a1ng 3 l\u1edbp b\u1ec1n b\u1ec9.  Thi\u1ebft k\u1ebf hi\u1ec7n \u0111\u1ea1i, sang tr\u1ecdng, ti\u1ec7n d\u1ee5ng cho nh\u1eefng m\u00f3n n\u01b0\u1edbng\u00a0\" \/>\n<meta property=\"og:url\" content=\"https:\/\/giadung4.mauthemewp.com\/?product=bep-nuong-dien-mizuho-mh-400nda\" \/>\n<meta property=\"og:site_name\" content=\"Mizuho - Cho Cu\u1ed9c S\u1ed1ng Tr\u1ecdn V\u1eb9n H\u01a1n!\" \/>\n<meta property=\"article:modified_time\" content=\"2020-03-28T08:49:52+00:00\" \/>\n<meta property=\"og:image\" content=\"https:\/\/giadung4.mauthemewp.com\/wp-content\/uploads\/2019\/07\/MH-400NDA.jpg\" \/>\n\t<meta property=\"og:image:width\" content=\"300\" \/>\n\t<meta property=\"og:image:height\" content=\"300\" \/>\n\t<meta property=\"og:image:type\" content=\"image\/jpeg\" \/>\n<meta name=\"twitter:card\" content=\"summary_large_image\" \/>\n<script type=\"application\/ld+json\" class=\"yoast-schema-graph\">{\"@context\":\"https:\/\/schema.org\",\"@graph\":[{\"@type\":\"WebPage\",\"@id\":\"https:\/\/giadung4.mauthemewp.com\/?product=bep-nuong-dien-mizuho-mh-400nda\",\"url\":\"https:\/\/giadung4.mauthemewp.com\/?product=bep-nuong-dien-mizuho-mh-400nda\",\"name\":\"B\u1ebfp n\u01b0\u1edbng \u0111i\u1ec7n Mizuho MH-400NDA\",\"isPartOf\":{\"@id\":\"https:\/\/giadung4.mauthemewp.com\/#website\"},\"datePublished\":\"2019-07-11T01:27:37+00:00\",\"dateModified\":\"2020-03-28T08:49:52+00:00\",\"breadcrumb\":{\"@id\":\"https:\/\/giadung4.mauthemewp.com\/?product=bep-nuong-dien-mizuho-mh-400nda#breadcrumb\"},\"inLanguage\":\"vi\",\"potentialAction\":[{\"@type\":\"ReadAction\",\"target\":[\"https:\/\/giadung4.mauthemewp.com\/?product=bep-nuong-dien-mizuho-mh-400nda\"]}]},{\"@type\":\"BreadcrumbList\",\"@id\":\"https:\/\/giadung4.mauthemewp.com\/?product=bep-nuong-dien-mizuho-mh-400nda#breadcrumb\",\"itemListElement\":[{\"@type\":\"ListItem\",\"position\":1,\"name\":\"Trang ch\u1ee7\",\"item\":\"https:\/\/giadung4.mauthemewp.com\/\"},{\"@type\":\"ListItem\",\"position\":2,\"name\":\"S\u1ea3n ph\u1ea9m\",\"item\":\"https:\/\/giadung4.mauthemewp.com\/?post_type=product\"},{\"@type\":\"ListItem\",\"position\":3,\"name\":\"B\u1ebfp n\u01b0\u1edbng \u0111i\u1ec7n Mizuho MH-400NDA\"}]},{\"@type\":\"WebSite\",\"@id\":\"https:\/\/giadung4.mauthemewp.com\/#website\",\"url\":\"https:\/\/giadung4.mauthemewp.com\/\",\"name\":\"Mizuho - Cho Cu\u1ed9c S\u1ed1ng Tr\u1ecdn V\u1eb9n H\u01a1n!\",\"description\":\"Mizuho Vi\u1ec7t Nam\",\"potentialAction\":[{\"@type\":\"SearchAction\",\"target\":{\"@type\":\"EntryPoint\",\"urlTemplate\":\"https:\/\/giadung4.mauthemewp.com\/?s={search_term_string}\"},\"query-input\":\"required name=search_term_string\"}],\"inLanguage\":\"vi\"}]}<\/script>\n<!-- \/ Yoast SEO plugin. -->","yoast_head_json":{"title":"B\u1ebfp n\u01b0\u1edbng \u0111i\u1ec7n Mizuho MH-400NDA","robots":{"index":"index","follow":"follow","max-snippet":"max-snippet:-1","max-image-preview":"max-image-preview:large","max-video-preview":"max-video-preview:-1"},"og_locale":"vi_VN","og_type":"article","og_title":"B\u1ebfp n\u01b0\u1edbng \u0111i\u1ec7n Mizuho MH-400NDA","og_description":"B\u1ebfp n\u01b0\u1edbng kh\u00f4ng kh\u00f3i.\u00a0\u0110\u1ea1i ti\u1ec7c BBQ ngay t\u1ea1i nh\u00e0.  B\u1ebfp n\u01b0\u1edbng \u0111\u01b0\u1ee3c \u0111\u00fac b\u1eb1ng nh\u00f4m nguy\u00ean ch\u1ea5t 100%  B\u1ec1 m\u1eb7t s\u01a1n ch\u1ed1ng d\u00ednh \u0111\u00e1 hoa c\u01b0\u01a1ng 3 l\u1edbp b\u1ec1n b\u1ec9.  Thi\u1ebft k\u1ebf hi\u1ec7n \u0111\u1ea1i, sang tr\u1ecdng, ti\u1ec7n d\u1ee5ng cho nh\u1eefng m\u00f3n n\u01b0\u1edbng\u00a0","og_url":"https:\/\/giadung4.mauthemewp.com\/?product=bep-nuong-dien-mizuho-mh-400nda","og_site_name":"Mizuho - Cho Cu\u1ed9c S\u1ed1ng Tr\u1ecdn V\u1eb9n H\u01a1n!","article_modified_time":"2020-03-28T08:49:52+00:00","og_image":[{"width":300,"height":300,"url":"https:\/\/giadung4.mauthemewp.com\/wp-content\/uploads\/2019\/07\/MH-400NDA.jpg","type":"image\/jpeg"}],"twitter_card":"summary_large_image","schema":{"@context":"https:\/\/schema.org","@graph":[{"@type":"WebPage","@id":"https:\/\/giadung4.mauthemewp.com\/?product=bep-nuong-dien-mizuho-mh-400nda","url":"https:\/\/giadung4.mauthemewp.com\/?product=bep-nuong-dien-mizuho-mh-400nda","name":"B\u1ebfp n\u01b0\u1edbng \u0111i\u1ec7n Mizuho MH-400NDA","isPartOf":{"@id":"https:\/\/giadung4.mauthemewp.com\/#website"},"datePublished":"2019-07-11T01:27:37+00:00","dateModified":"2020-03-28T08:49:52+00:00","breadcrumb":{"@id":"https:\/\/giadung4.mauthemewp.com\/?product=bep-nuong-dien-mizuho-mh-400nda#breadcrumb"},"inLanguage":"vi","potentialAction":[{"@type":"ReadAction","target":["https:\/\/giadung4.mauthemewp.com\/?product=bep-nuong-dien-mizuho-mh-400nda"]}]},{"@type":"BreadcrumbList","@id":"https:\/\/giadung4.mauthemewp.com\/?product=bep-nuong-dien-mizuho-mh-400nda#breadcrumb","itemListElement":[{"@type":"ListItem","position":1,"name":"Trang ch\u1ee7","item":"https:\/\/giadung4.mauthemewp.com\/"},{"@type":"ListItem","position":2,"name":"S\u1ea3n ph\u1ea9m","item":"https:\/\/giadung4.mauthemewp.com\/?post_type=product"},{"@type":"ListItem","position":3,"name":"B\u1ebfp n\u01b0\u1edbng \u0111i\u1ec7n Mizuho MH-400NDA"}]},{"@type":"WebSite","@id":"https:\/\/giadung4.mauthemewp.com\/#website","url":"https:\/\/giadung4.mauthemewp.com\/","name":"Mizuho - Cho Cu\u1ed9c S\u1ed1ng Tr\u1ecdn V\u1eb9n H\u01a1n!","description":"Mizuho Vi\u1ec7t Nam","potentialAction":[{"@type":"SearchAction","target":{"@type":"EntryPoint","urlTemplate":"https:\/\/giadung4.mauthemewp.com\/?s={search_term_string}"},"query-input":"required name=search_term_string"}],"inLanguage":"vi"}]}},"_links":{"self":[{"href":"https:\/\/giadung4.mauthemewp.com\/index.php?rest_route=\/wp\/v2\/product\/1129"}],"collection":[{"href":"https:\/\/giadung4.mauthemewp.com\/index.php?rest_route=\/wp\/v2\/product"}],"about":[{"href":"https:\/\/giadung4.mauthemewp.com\/index.php?rest_route=\/wp\/v2\/types\/product"}],"replies":[{"embeddable":true,"href":"https:\/\/giadung4.mauthemewp.com\/index.php?rest_route=%2Fwp%2Fv2%2Fcomments&post=1129"}],"wp:featuredmedia":[{"embeddable":true,"href":"https:\/\/giadung4.mauthemewp.com\/index.php?rest_route=\/wp\/v2\/media\/1130"}],"wp:attachment":[{"href":"https:\/\/giadung4.mauthemewp.com\/index.php?rest_route=%2Fwp%2Fv2%2Fmedia&parent=1129"}],"wp:term":[{"taxonomy":"product_cat","embeddable":true,"href":"https:\/\/giadung4.mauthemewp.com\/index.php?rest_route=%2Fwp%2Fv2%2Fproduct_cat&post=1129"},{"taxonomy":"product_tag","embeddable":true,"href":"https:\/\/giadung4.mauthemewp.com\/index.php?rest_route=%2Fwp%2Fv2%2Fproduct_tag&post=1129"}],"curies":[{"name":"wp","href":"https:\/\/api.w.org\/{rel}","templated":true}]}}